{"id":189,"date":"2020-06-07T16:06:17","date_gmt":"2020-06-07T14:06:17","guid":{"rendered":"http:\/\/selfdefenserioz.com\/?page_id=189"},"modified":"2025-08-23T05:57:55","modified_gmt":"2025-08-23T03:57:55","slug":"infos-pratiques","status":"publish","type":"page","link":"https:\/\/karatedefenserioz.fr\/index.php\/infos-pratiques\/","title":{"rendered":"Infos pratiques"},"content":{"rendered":"\n<h2 class=\"wp-block-heading\">Les horaires d&rsquo;entra\u00eenements<\/h2>\n\n\n\n\n<table id=\"tablepress-1\" class=\"tablepress tablepress-id-1\">\n<thead>\n<tr class=\"row-1\">\n\t<th class=\"column-1\">Jours de la semaine<\/th><th class=\"column-2\">Karat\u00e9 D\u00e9fense Ados et Enfants<\/th><th class=\"column-3\">Karat\u00e9 D\u00e9fense Adultes<\/th><th class=\"column-4\">Karat\u00e9 Goju<\/th><td class=\"column-5\"><\/td>\n<\/tr>\n<\/thead>\n<tbody class=\"row-striping row-hover\">\n<tr class=\"row-2\">\n\t<td class=\"column-1\">Lundi<\/td><td class=\"column-2\"><\/td><td class=\"column-3\"><\/td><td class=\"column-4\">19:00 - 20:30 (Fred)<\/td><td class=\"column-5\"><\/td>\n<\/tr>\n<tr class=\"row-3\">\n\t<td class=\"column-1\">Mercredi<\/td><td class=\"column-2\"><\/td><td class=\"column-3\"><\/td><td class=\"column-4\">19:00 - 20:30 (Alex)<\/td><td class=\"column-5\"><\/td>\n<\/tr>\n<tr class=\"row-4\">\n\t<td class=\"column-1\">Jeudi<\/td><td class=\"column-2\">18:00 - 19:00 <\/td><td class=\"column-3\">19:15 - 20:45 <\/td><td class=\"column-4\"><\/td><td class=\"column-5\"><\/td>\n<\/tr>\n<tr class=\"row-5\">\n\t<td class=\"column-1\">Vendredi<\/td><td class=\"column-2\"><\/td><td class=\"column-3\"><\/td><td class=\"column-4\">19:15 - 20:45 (Didier)<\/td><td class=\"column-5\"><\/td>\n<\/tr>\n<\/tbody>\n<\/table>\n<!-- #tablepress-1 from cache -->\n\n\n\n<h2 class=\"wp-block-heading\">Les tarifs<\/h2>\n\n\n\n\n<table id=\"tablepress-2\" class=\"tablepress tablepress-id-2\">\n<thead>\n<tr class=\"row-1\">\n\t<th class=\"column-1\">Discipline<\/th><th class=\"column-2\">Montant cotisation (adh\u00e9sion + licence)<\/th><th class=\"column-3\">R\u00e9glement en 1 fois<\/th><th class=\"column-4\">2 fois<\/th><th class=\"column-5\">3 fois<\/th>\n<\/tr>\n<\/thead>\n<tbody class=\"row-striping row-hover\">\n<tr class=\"row-2\">\n\t<td class=\"column-1\">Enfants (jusqu'\u00e0 14 ans)<\/td><td class=\"column-2\">125\u20ac<\/td><td class=\"column-3\">125\u20ac<\/td><td class=\"column-4\">65\u20ac + 60\u20ac<\/td><td class=\"column-5\">45\u20ac + 40\u20ac +40\u20ac<\/td>\n<\/tr>\n<tr class=\"row-3\">\n\t<td class=\"column-1\">Adultes<\/td><td class=\"column-2\">135\u20ac<\/td><td class=\"column-3\">135\u20ac<\/td><td class=\"column-4\">70\u20ac + 65\u20ac<\/td><td class=\"column-5\">45\u20ac X 3<\/td>\n<\/tr>\n<\/tbody>\n<\/table>\n<!-- #tablepress-2 from cache -->\n\n\n\n<p><strong>La cotisation est valable pour l&rsquo;ensemble des activit\u00e9s de l&rsquo;association.<\/strong> <br><strong>Nous acceptons les ch\u00e8ques vacances et les Pass&rsquo; Sport. <\/strong> <br><strong>R\u00e9duction de 10% d\u00e8s la 2i\u00e8me cotisation , 20% pour la 3i\u00e8me \u2026 etc. <\/strong><\/p>\n\n\n\n<div class=\"wp-block-columns is-layout-flex wp-container-core-columns-is-layout-9d6595d7 wp-block-columns-is-layout-flex\">\n<div class=\"wp-block-column is-layout-flow wp-block-column-is-layout-flow\">\n<figure class=\"wp-block-image size-large\"><img fetchpriority=\"high\" decoding=\"async\" width=\"724\" height=\"1024\" src=\"https:\/\/karatedefenserioz.fr\/wp-content\/uploads\/2025\/08\/Affiche-self-D-rentre-25-26--724x1024.png\" alt=\"\" class=\"wp-image-1886\" srcset=\"https:\/\/karatedefenserioz.fr\/wp-content\/uploads\/2025\/08\/Affiche-self-D-rentre-25-26--724x1024.png 724w, https:\/\/karatedefenserioz.fr\/wp-content\/uploads\/2025\/08\/Affiche-self-D-rentre-25-26--212x300.png 212w, https:\/\/karatedefenserioz.fr\/wp-content\/uploads\/2025\/08\/Affiche-self-D-rentre-25-26--106x150.png 106w, https:\/\/karatedefenserioz.fr\/wp-content\/uploads\/2025\/08\/Affiche-self-D-rentre-25-26--768x1086.png 768w, https:\/\/karatedefenserioz.fr\/wp-content\/uploads\/2025\/08\/Affiche-self-D-rentre-25-26--1086x1536.png 1086w, https:\/\/karatedefenserioz.fr\/wp-content\/uploads\/2025\/08\/Affiche-self-D-rentre-25-26--1448x2048.png 1448w, https:\/\/karatedefenserioz.fr\/wp-content\/uploads\/2025\/08\/Affiche-self-D-rentre-25-26--82x116.png 82w, https:\/\/karatedefenserioz.fr\/wp-content\/uploads\/2025\/08\/Affiche-self-D-rentre-25-26-.png 1587w\" sizes=\"(max-width: 724px) 100vw, 724px\" \/><\/figure>\n<\/div>\n\n\n\n<div class=\"wp-block-column is-layout-flow wp-block-column-is-layout-flow\">\n<p class=\"has-text-align-center\"><strong>Pour plus de renseignements n&rsquo;h\u00e9sitez pas \u00e0 nous contacter, on ne mord pas \ud83d\ude09<\/strong><\/p>\n<\/div>\n<\/div>\n","protected":false},"excerpt":{"rendered":"<p>Les horaires d&rsquo;entra\u00eenements Les tarifs La cotisation est valable pour l&rsquo;ensemble des activit\u00e9s de l&rsquo;association. Nous acceptons les ch\u00e8ques vacances et les Pass&rsquo; Sport. R\u00e9duction de 10% d\u00e8s la 2i\u00e8me cotisation , 20% pour la 3i\u00e8me \u2026 etc. Pour plus de renseignements n&rsquo;h\u00e9sitez pas \u00e0 nous contacter, on ne mord pas \ud83d\ude09<\/p>\n","protected":false},"author":1,"featured_media":0,"parent":0,"menu_order":0,"comment_status":"closed","ping_status":"closed","template":"page-templates\/full-width.php","meta":{"_monsterinsights_skip_tracking":false,"_monsterinsights_sitenote_active":false,"_monsterinsights_sitenote_note":"","_monsterinsights_sitenote_category":0,"footnotes":""},"class_list":["post-189","page","type-page","status-publish","hentry"],"yoast_head":"<!-- This site is optimized with the Yoast SEO plugin v25.1 - https:\/\/yoast.com\/wordpress\/plugins\/seo\/ -->\n<title>Infos pratiques - Karat\u00e9 D\u00e9fense Rioz<\/title>\n<meta name=\"robots\" content=\"index, follow, max-snippet:-1, max-image-preview:large, max-video-preview:-1\" \/>\n<link rel=\"canonical\" href=\"https:\/\/karatedefenserioz.fr\/index.php\/infos-pratiques\/\" \/>\n<meta property=\"og:locale\" content=\"fr_FR\" \/>\n<meta property=\"og:type\" content=\"article\" \/>\n<meta property=\"og:title\" content=\"Infos pratiques - Karat\u00e9 D\u00e9fense Rioz\" \/>\n<meta property=\"og:description\" content=\"Les horaires d&rsquo;entra\u00eenements Les tarifs La cotisation est valable pour l&rsquo;ensemble des activit\u00e9s de l&rsquo;association. Nous acceptons les ch\u00e8ques vacances et les Pass&rsquo; Sport. R\u00e9duction de 10% d\u00e8s la 2i\u00e8me cotisation , 20% pour la 3i\u00e8me \u2026 etc. Pour plus de renseignements n&rsquo;h\u00e9sitez pas \u00e0 nous contacter, on ne mord pas \ud83d\ude09\" \/>\n<meta property=\"og:url\" content=\"https:\/\/karatedefenserioz.fr\/index.php\/infos-pratiques\/\" \/>\n<meta property=\"og:site_name\" content=\"Karat\u00e9 D\u00e9fense Rioz\" \/>\n<meta property=\"article:modified_time\" content=\"2025-08-23T03:57:55+00:00\" \/>\n<meta property=\"og:image\" content=\"https:\/\/karatedefenserioz.fr\/wp-content\/uploads\/2025\/08\/Affiche-self-D-rentre-25-26--724x1024.png\" \/>\n<meta name=\"twitter:card\" content=\"summary_large_image\" \/>\n<meta name=\"twitter:label1\" content=\"Dur\u00e9e de lecture estim\u00e9e\" \/>\n\t<meta name=\"twitter:data1\" content=\"1 minute\" \/>\n<script type=\"application\/ld+json\" class=\"yoast-schema-graph\">{\"@context\":\"https:\/\/schema.org\",\"@graph\":[{\"@type\":\"WebPage\",\"@id\":\"https:\/\/karatedefenserioz.fr\/index.php\/infos-pratiques\/\",\"url\":\"https:\/\/karatedefenserioz.fr\/index.php\/infos-pratiques\/\",\"name\":\"Infos pratiques - Karat\u00e9 D\u00e9fense Rioz\",\"isPartOf\":{\"@id\":\"https:\/\/karatedefenserioz.fr\/#website\"},\"primaryImageOfPage\":{\"@id\":\"https:\/\/karatedefenserioz.fr\/index.php\/infos-pratiques\/#primaryimage\"},\"image\":{\"@id\":\"https:\/\/karatedefenserioz.fr\/index.php\/infos-pratiques\/#primaryimage\"},\"thumbnailUrl\":\"https:\/\/karatedefenserioz.fr\/wp-content\/uploads\/2025\/08\/Affiche-self-D-rentre-25-26--724x1024.png\",\"datePublished\":\"2020-06-07T14:06:17+00:00\",\"dateModified\":\"2025-08-23T03:57:55+00:00\",\"breadcrumb\":{\"@id\":\"https:\/\/karatedefenserioz.fr\/index.php\/infos-pratiques\/#breadcrumb\"},\"inLanguage\":\"fr-FR\",\"potentialAction\":[{\"@type\":\"ReadAction\",\"target\":[\"https:\/\/karatedefenserioz.fr\/index.php\/infos-pratiques\/\"]}]},{\"@type\":\"ImageObject\",\"inLanguage\":\"fr-FR\",\"@id\":\"https:\/\/karatedefenserioz.fr\/index.php\/infos-pratiques\/#primaryimage\",\"url\":\"https:\/\/karatedefenserioz.fr\/wp-content\/uploads\/2025\/08\/Affiche-self-D-rentre-25-26-.png\",\"contentUrl\":\"https:\/\/karatedefenserioz.fr\/wp-content\/uploads\/2025\/08\/Affiche-self-D-rentre-25-26-.png\",\"width\":1587,\"height\":2245},{\"@type\":\"BreadcrumbList\",\"@id\":\"https:\/\/karatedefenserioz.fr\/index.php\/infos-pratiques\/#breadcrumb\",\"itemListElement\":[{\"@type\":\"ListItem\",\"position\":1,\"name\":\"Accueil\",\"item\":\"https:\/\/karatedefenserioz.fr\/\"},{\"@type\":\"ListItem\",\"position\":2,\"name\":\"Infos pratiques\"}]},{\"@type\":\"WebSite\",\"@id\":\"https:\/\/karatedefenserioz.fr\/#website\",\"url\":\"https:\/\/karatedefenserioz.fr\/\",\"name\":\"Self Defense Rioz\",\"description\":\"Site de pr\u00e9sentation de l&#039;association self d\u00e9fense Rioz\",\"publisher\":{\"@id\":\"https:\/\/karatedefenserioz.fr\/#organization\"},\"potentialAction\":[{\"@type\":\"SearchAction\",\"target\":{\"@type\":\"EntryPoint\",\"urlTemplate\":\"https:\/\/karatedefenserioz.fr\/?s={search_term_string}\"},\"query-input\":{\"@type\":\"PropertyValueSpecification\",\"valueRequired\":true,\"valueName\":\"search_term_string\"}}],\"inLanguage\":\"fr-FR\"},{\"@type\":\"Organization\",\"@id\":\"https:\/\/karatedefenserioz.fr\/#organization\",\"name\":\"Self Defense Rioz\",\"url\":\"https:\/\/karatedefenserioz.fr\/\",\"logo\":{\"@type\":\"ImageObject\",\"inLanguage\":\"fr-FR\",\"@id\":\"https:\/\/karatedefenserioz.fr\/#\/schema\/logo\/image\/\",\"url\":\"https:\/\/karatedefenserioz.fr\/wp-content\/uploads\/2025\/08\/cropped-arrier-plan-transparent-rectangle.png\",\"contentUrl\":\"https:\/\/karatedefenserioz.fr\/wp-content\/uploads\/2025\/08\/cropped-arrier-plan-transparent-rectangle.png\",\"width\":500,\"height\":203,\"caption\":\"Self Defense Rioz\"},\"image\":{\"@id\":\"https:\/\/karatedefenserioz.fr\/#\/schema\/logo\/image\/\"}}]}<\/script>\n<!-- \/ Yoast SEO plugin. -->","yoast_head_json":{"title":"Infos pratiques - Karat\u00e9 D\u00e9fense Rioz","robots":{"index":"index","follow":"follow","max-snippet":"max-snippet:-1","max-image-preview":"max-image-preview:large","max-video-preview":"max-video-preview:-1"},"canonical":"https:\/\/karatedefenserioz.fr\/index.php\/infos-pratiques\/","og_locale":"fr_FR","og_type":"article","og_title":"Infos pratiques - Karat\u00e9 D\u00e9fense Rioz","og_description":"Les horaires d&rsquo;entra\u00eenements Les tarifs La cotisation est valable pour l&rsquo;ensemble des activit\u00e9s de l&rsquo;association. Nous acceptons les ch\u00e8ques vacances et les Pass&rsquo; Sport. R\u00e9duction de 10% d\u00e8s la 2i\u00e8me cotisation , 20% pour la 3i\u00e8me \u2026 etc. Pour plus de renseignements n&rsquo;h\u00e9sitez pas \u00e0 nous contacter, on ne mord pas \ud83d\ude09","og_url":"https:\/\/karatedefenserioz.fr\/index.php\/infos-pratiques\/","og_site_name":"Karat\u00e9 D\u00e9fense Rioz","article_modified_time":"2025-08-23T03:57:55+00:00","og_image":[{"url":"https:\/\/karatedefenserioz.fr\/wp-content\/uploads\/2025\/08\/Affiche-self-D-rentre-25-26--724x1024.png","type":"","width":"","height":""}],"twitter_card":"summary_large_image","twitter_misc":{"Dur\u00e9e de lecture estim\u00e9e":"1 minute"},"schema":{"@context":"https:\/\/schema.org","@graph":[{"@type":"WebPage","@id":"https:\/\/karatedefenserioz.fr\/index.php\/infos-pratiques\/","url":"https:\/\/karatedefenserioz.fr\/index.php\/infos-pratiques\/","name":"Infos pratiques - Karat\u00e9 D\u00e9fense Rioz","isPartOf":{"@id":"https:\/\/karatedefenserioz.fr\/#website"},"primaryImageOfPage":{"@id":"https:\/\/karatedefenserioz.fr\/index.php\/infos-pratiques\/#primaryimage"},"image":{"@id":"https:\/\/karatedefenserioz.fr\/index.php\/infos-pratiques\/#primaryimage"},"thumbnailUrl":"https:\/\/karatedefenserioz.fr\/wp-content\/uploads\/2025\/08\/Affiche-self-D-rentre-25-26--724x1024.png","datePublished":"2020-06-07T14:06:17+00:00","dateModified":"2025-08-23T03:57:55+00:00","breadcrumb":{"@id":"https:\/\/karatedefenserioz.fr\/index.php\/infos-pratiques\/#breadcrumb"},"inLanguage":"fr-FR","potentialAction":[{"@type":"ReadAction","target":["https:\/\/karatedefenserioz.fr\/index.php\/infos-pratiques\/"]}]},{"@type":"ImageObject","inLanguage":"fr-FR","@id":"https:\/\/karatedefenserioz.fr\/index.php\/infos-pratiques\/#primaryimage","url":"https:\/\/karatedefenserioz.fr\/wp-content\/uploads\/2025\/08\/Affiche-self-D-rentre-25-26-.png","contentUrl":"https:\/\/karatedefenserioz.fr\/wp-content\/uploads\/2025\/08\/Affiche-self-D-rentre-25-26-.png","width":1587,"height":2245},{"@type":"BreadcrumbList","@id":"https:\/\/karatedefenserioz.fr\/index.php\/infos-pratiques\/#breadcrumb","itemListElement":[{"@type":"ListItem","position":1,"name":"Accueil","item":"https:\/\/karatedefenserioz.fr\/"},{"@type":"ListItem","position":2,"name":"Infos pratiques"}]},{"@type":"WebSite","@id":"https:\/\/karatedefenserioz.fr\/#website","url":"https:\/\/karatedefenserioz.fr\/","name":"Self Defense Rioz","description":"Site de pr\u00e9sentation de l&#039;association self d\u00e9fense Rioz","publisher":{"@id":"https:\/\/karatedefenserioz.fr\/#organization"},"potentialAction":[{"@type":"SearchAction","target":{"@type":"EntryPoint","urlTemplate":"https:\/\/karatedefenserioz.fr\/?s={search_term_string}"},"query-input":{"@type":"PropertyValueSpecification","valueRequired":true,"valueName":"search_term_string"}}],"inLanguage":"fr-FR"},{"@type":"Organization","@id":"https:\/\/karatedefenserioz.fr\/#organization","name":"Self Defense Rioz","url":"https:\/\/karatedefenserioz.fr\/","logo":{"@type":"ImageObject","inLanguage":"fr-FR","@id":"https:\/\/karatedefenserioz.fr\/#\/schema\/logo\/image\/","url":"https:\/\/karatedefenserioz.fr\/wp-content\/uploads\/2025\/08\/cropped-arrier-plan-transparent-rectangle.png","contentUrl":"https:\/\/karatedefenserioz.fr\/wp-content\/uploads\/2025\/08\/cropped-arrier-plan-transparent-rectangle.png","width":500,"height":203,"caption":"Self Defense Rioz"},"image":{"@id":"https:\/\/karatedefenserioz.fr\/#\/schema\/logo\/image\/"}}]}},"_links":{"self":[{"href":"https:\/\/karatedefenserioz.fr\/index.php\/wp-json\/wp\/v2\/pages\/189","targetHints":{"allow":["GET"]}}],"collection":[{"href":"https:\/\/karatedefenserioz.fr\/index.php\/wp-json\/wp\/v2\/pages"}],"about":[{"href":"https:\/\/karatedefenserioz.fr\/index.php\/wp-json\/wp\/v2\/types\/page"}],"author":[{"embeddable":true,"href":"https:\/\/karatedefenserioz.fr\/index.php\/wp-json\/wp\/v2\/users\/1"}],"replies":[{"embeddable":true,"href":"https:\/\/karatedefenserioz.fr\/index.php\/wp-json\/wp\/v2\/comments?post=189"}],"version-history":[{"count":21,"href":"https:\/\/karatedefenserioz.fr\/index.php\/wp-json\/wp\/v2\/pages\/189\/revisions"}],"predecessor-version":[{"id":1888,"href":"https:\/\/karatedefenserioz.fr\/index.php\/wp-json\/wp\/v2\/pages\/189\/revisions\/1888"}],"wp:attachment":[{"href":"https:\/\/karatedefenserioz.fr\/index.php\/wp-json\/wp\/v2\/media?parent=189"}],"curies":[{"name":"wp","href":"https:\/\/api.w.org\/{rel}","templated":true}]}}